et y = -423 + 869. Is y prime?
False
Let z be 1/2 + 15/10. Let n be 12*(z + 0)/4. Suppose l + 95 = n*l. Is l composite?
False
Let r = 10 - 5. Suppose -3*n + 2*h = -49, r*h - 16 - 24 = -5*n. Is n a prime number?
True
Let g(t) = 32*t + 5. Let o be g(4). Suppose 0*l + 400 = -5*l. Let x = l + o. Is x a composite number?
False
Suppose -5*q + 0*q - 5*s - 50 = 0, 4*s = 3*q + 9. Let j = 1 - q. Is 1 + 1 + -3 + j a prime number?
True
Is (-113)/(-1 + (-1 - -1)) composite?
False
Suppose -3*y - 344 = 5*a, 0*y - 2*y = 2*a + 232. Let j = y + 197. Is j prime?
True
Let p(c) = -2*c**2 - 3*c + 8. Let t(k) = -k**2 - 2*k + 7. Let q(v) = -3*p(v) + 4*t(v). Is q(-13) composite?
True
Is ((2 - 1)*1)/((-4)/(-2108)) a composite number?
True
Let i(q) = q**2 + 1181. Is i(0) a prime number?
True
Suppose 2*a - 2*l - 610 = 3*l, -5*l + 570 = 2*a. Is a a composite number?
True
Suppose 0 = 2*p, -c + 3*p - 12 = 2*c. Let v be (6/c)/(5/(-10)). Suppose v*u - 249 = -78. Is u composite?
True
Is (330/(-8) + 2)/((-4)/32) prime?
False
Suppose 0 = -5*q + 2*o + 862 + 1013, 5*o = -5*q + 1910. Is q composite?
True
Is (7/21*-1903)/(2/(-6)) a composite number?
True
Suppose 0*o - 8*o + 12472 = 0. Is o composite?
False
Let t = -3228 + 4519. Is t composite?
False
Suppose -2*w - 4*z = 108, -2*w - 5*z - 100 = -3*z. Let d = w + 117. Is d a composite number?
False
Let d(j) = 410*j + 1. Is d(1) prime?
False
Let z = -44 + 78. Let a = z + -19. Is a composite?
True
Suppose -g = 5*q - 116, 2*g - 69 = -2*q - 21. Suppose -3*w + q = -19. Is w prime?
False
Let l = -22 + 55. Is l a composite number?
True
Suppose 2*s + 4 = -5*h - 0, s + 2 = -h. Suppose -2*q - x = 100, 4*x + h*x + 88 = -2*q. Is q/(-14) + 6/21 a prime number?
False
Suppose -1483 = -m - 440. Suppose -a = 2*d - 210 - 41, -4*a + 5*d + m = 0. Is a a prime number?
True
Suppose -3*y = -3*z - 234, -y = 2*y + 5*z - 242. Suppose 4*t = -27 + y. Is t composite?
False
Suppose 1083 + 782 = 5*o. Is o a composite number?
False
Suppose -4 = -q - 3*q, d = 5*q - 3. Let l be (d + -3)/(1/(-30)). Suppose -y = -4*y + l. Is y composite?
True
Let p(g) be the second derivative of -g**5/20 - g**4/2 - 7*g**3/6 + 7*g**2/2 + 3*g. Is p(-8) a composite number?
False
Let u = 0 - -5. Is u/(5/33) + 2 a prime number?
False
Let o = 3953 + -2316. Is o a composite number?
False
Let o be (6*(-6)/(-9))/2. Is ((-4)/6)/(o/(-66)) a composite number?
True
Let s = -89 - -233. Suppose -3*u + 7 = -2*g, 3*g - u - 5 - 2 = 0. Is 2*(-2)/g + s prime?
False
Let x(k) = 343*k + 1. Let q(i) = -i. Let h(r) = 5*q(r) - x(r). Is h(-1) a prime number?
True
Let i be ((-6)/4)/(21/(-28)). Let x(j) = -22*j**3 - 3*j**2 + 5*j + 0*j**i + 21*j**3. Is x(-5) a prime number?
False
Suppose 257 = -6*q + 5417. Is -1*(q/(-4) - -4) a composite number?
False
Let b = 1164 - 683. Is b a composite number?
True
Let k = 214 + -65. Is k prime?
True
Let f be 34/4 + 3/6. Let a be (-6)/27 + (-151)/f. Let c = a - -36. Is c a prime number?
True
Let k = 1750 + -1169. Is k a prime number?
False
Suppose -v = -5*v - 2*p + 1670, -4*v + p = -1679. Is v composite?
False
Is (-892)/8*(-14 + 0) a prime number?
False
Let o(l) = 204*l**2 - 5*l. Let b(d) = 205*d**2 - 4*d. Let q(s) = 4*b(s) - 3*o(s). Is q(-1) prime?
False
Let l(k) = 3*k - 1. Let c be l(2). Let u be (3/5)/(1/c). Suppose 2*f + 50 = 4*x - 44, u*f + 91 = 4*x. Is x composite?
True
Let u be ((-6)/(-2) + -2)*4. Suppose 0 = -2*l - 3*p + 15, -2*p + 6 = 3*l - u. Suppose l = -2*o - 0*o + 14. Is o a prime number?
True
Suppose r - 8*a - 8 = -3*a, -2*a + 4 = 2*r. Suppose -b = 0, -r*m + m + b = -84. Suppose -4*l = -98 - m. Is l prime?
False
Suppose 478 = -3*s + 3*o + 2725, 2*s = -3*o + 1508. Is s composite?
False
Suppose 3*a = a. Suppose 3*m + 462 = -5*g, a = -3*g + 6 - 15. Let n = 264 + m. Is n a composite number?
True
Suppose -t + 0 = -1. Let v be (-3 + 0)*(-30 - t). Suppose 4*h = h + v. Is h a composite number?
False
Let h be -1*((-6)/(-2) - 3). Suppose -3*t - 65 + 422 = h. Is t a composite number?
True
Suppose -4*l + 1323 = 179. Let b = 917 - l. Is b composite?
False
Suppose 30*k - 31*k + 163 = 0. Is k a prime number?
True
Let u = -250 + 468. Let t = -129 + u. Is t composite?
False
Let a be ((-47)/2)/(1/(-28)). Suppose 2*o + 20 = -2*m + 288, 5*o = -m + a. Is o composite?
False
Let n be 4*((-2)/(-8) + 2). Suppose 30 = 3*i + 2*j - 11, i + 3*j - n = 0. Is i prime?
False
Suppose -2*u = -4*o + 1455 + 6199, 5 = -5*u. Is o composite?
False
Let m(u) = 3*u - 9. Let l = 26 - 15. Suppose -b = k - l, 4*k - 16 = -2*b + 22. Is m(k) prime?
False
Suppose 16*u - 11*u - 475 = 0. Is u a composite number?
True
Let w(p) = -17*p + 2. Let s be w(-3). Suppose -f + s = -36. Is f a composite number?
False
Let m be 2 + -1 + -1 + -9. Let b be (-741)/m + 2/3. Let s = 150 - b. Is s prime?
True
Let k be 2/(-4)*(1 + -1). Suppose 5*x - 5*j - 365 = k, x - j + 5*j - 63 = 0. Is x a prime number?
True
Let n = 624 - -737. Is n a prime number?
True
Is 4/18 + 21211/9 composite?
False
Is -1*(1403/3)/(2/(-6)) a prime number?
False
Suppose -2*x - 3*x = -25. Let n = 1 + x. Suppose -4*l - n*a = -a - 270, -3*l = 3*a - 201. Is l prime?
False
Suppose 5*q + 3 = 58. Let t be 0/(-2) - (-39 - 0). Suppose -5*a + q + t = 0. Is a a prime number?
False
Let u(b) = 2*b**3 - 35*b**2 + 16*b - 1. Let p(y) = -y**3 + 17*y**2 - 8*y. Let v(x) = 13*p(x) + 6*u(x). Suppose -f - 3*s = 5, 0 = f + s - 5. Is v(f) prime?
False
Let z(s) = -s**3 - s**2 - 6*s - 1. Is z(-6) prime?
False
Suppose 2*b = o - 2327, -3*o + b + 4663 = -o. Is o a composite number?
False
Suppose 0*d + 3*d - 3219 = 4*p, 2*p - 4314 = -4*d. Is d composite?
True
Let o = -2 + 5. Suppose 4*y - 42 = -4*q - q, 9 = 2*q - y. Is -2*o/q*-23 a prime number?
True
Let q(a) = 31*a**2 + 2*a + 1. Let l be q(-2). Suppose 0 = -2*y + 4*o + 230, 3*o + 2*o + l = y. Is y composite?
True
Let j = -10 - -12. Suppose 0 = v + j*c - 815, 6*c - c = v - 836. Is v prime?
True
Suppose -3*x - 3 = 0, u + 6*x = 4*x + 4263. Is u prime?
False
Suppose 0 = m + s - 46, -2*m + 100 = -0*s + 4*s. Let q = 55 + m. Is q composite?
False
Suppose -2*b + 37 = 3*m, 0*b + 5*m - 71 = -4*b. Suppose 3*g = 5*y + b + 46, -5*y = 15. Is g a composite number?
True
Is 4/8*(60 - -2) prime?
True
Let p be ((-21)/(-9))/(2/336). Suppose -p = -6*d + 190. Is d a prime number?
True
Let j be 4/(-8) - (-27)/(-6). Is (-10)/j - 1*-1 prime?
True
Let y(a) = 3*a**3 - a + 1. Let q be y(1). Let m(v) = 10*v**3 - v**2 - v - 4. Let i be m(q). Suppose p = -p + i. Is p a composite number?
False
Suppose -2*m + m + 1658 = 5*y, 5*y - 15 = 0. Is m prime?
False
Is (-1365)/(-42) + 3/2 prime?
False
Let n(l) = l + 5. Let m be n(-3). Suppose -4*y - 33 = -a, a + m*y + y - 40 = 0. Is a a prime number?
True
Let b(f) = 12*f**2 + 4*f - 1. Let w be b(11). Suppose 4*v - w = -v. Is v composite?
True
Let u(i) = i**2 + 4*i + 2. Let a be u(-5). Let t(f) = 30*f**2 - 2*f + 1. Let r be t(-2). Suppose a*j - r = 2*j. Is j prime?
False
Let v(m) = -48*m - 17. Is v(-5) composite?
False
Let t = -5 + 6. Is (t + 22)*(4 + -3) prime?
True
Let f(x) = -x**2 + 53. Is f(0) composite?
False
Suppose -4 = -p - 1. Suppose 0 = -q + p*g + 36, -5*q + 2*g = 5*g - 216. Suppose 4*c - q - 14 = 0. Is c composite?
True
Let d be (42 - (0 + 1)) + 1. Let r = 117 - d. Suppose -y + r = 4*y. Is y composite?
True
Let q(p) = -p**3 - 8*p**2 - 3*p + 11. Let k(w) = -w**3 + 2*w**2 - w + 4. Let z be k(3). Let y be q(z). Suppose -3*a - y = -4*a. Is a prime?
False
Let v = -16 - -10. Let n(r) = 2*r**2 + 9*r + 8. Let h be n(v). Let b = h + -13. Is b a composite number?
False
Is (-2)/14 + 25296/84 prime?
False
Let t(z) = -z**2 + 5*z + 6. Let s be t(6). Suppose s = 2*c - 79 + 9. Is c a prime number?
False
Suppose -n + 3*n = 4*r + 38, 4*n + 2*r - 76 = 0. Is n a composite number?
False
Let z(q) = 3*q + 7 - q + 2*q + q**2. Is z(-6) prime?
True
Suppose -5*i + 102 = -1363. Is i composite?
False
Let v = -14 + 5. Let a(z) = -z**3 - 9*z**2 - 2*z + 3. Is a(v) prime?
False
Suppose o + n + 1 = -2, 0 = 2*o + 5*n + 3. Is (o - -26)*(-1)/(-2) a prime number?
True
Let f(t) = 556*t**3 + 1. Is f(1) prime?
True
Let y(g) = 69*g + 5. Is y(8) a composite number?
False
Let w(a) = -a**3 - 6*a**2 + a - 7. Let v be (1 - 2)*(11 + 1). Let u = v + 5. Is w(u) a prime number?
False
Let g(m) = -m**3 - 4*m**2 + 5*m + 5. Let o be g(-5). Let w be (-1)/(2 - 11/o). Suppose 